{"id":547,"date":"2023-03-09T12:55:50","date_gmt":"2023-03-09T11:55:50","guid":{"rendered":"https:\/\/vibrationsdevie.com\/?page_id=31"},"modified":"2024-02-12T23:44:51","modified_gmt":"2024-02-12T22:44:51","slug":"prendre-rdv","status":"publish","type":"page","link":"https:\/\/heloisedenicourt.com\/index.php\/prendre-rdv\/","title":{"rendered":"Prendre RDV"},"content":{"rendered":"\n<div class=\"wp-block-media-text is-stacked-on-mobile\" style=\"grid-template-columns:30% auto\"><figure class=\"wp-block-media-text__media\"><img loading=\"lazy\" decoding=\"async\" width=\"469\" height=\"608\" src=\"https:\/\/heloisedenicourt.com\/wp-content\/uploads\/2023\/04\/bateaux-redim.png\" alt=\"\" class=\"wp-image-521 size-full\" srcset=\"https:\/\/heloisedenicourt.com\/wp-content\/uploads\/2023\/04\/bateaux-redim.png 469w, https:\/\/heloisedenicourt.com\/wp-content\/uploads\/2023\/04\/bateaux-redim-231x300.png 231w\" sizes=\"auto, (max-width: 469px) 100vw, 469px\" \/><\/figure><div class=\"wp-block-media-text__content\">\n<p>Par t\u00e9l\u00e9phone au 0649407655<\/p>\n\n\n\n<p>Par doctolib, cliquez sur le lien:<\/p>\n\n\n\n<p><a href=\"https:\/\/www.doctolib.fr\/psychologue\/esbly\/heloise-denicourt\">Heloise DENICOURT, Psychologue \u00e0 Sarzeau : Prenez rendez-vous en ligne (doctolib.fr)<\/a><\/p>\n<\/div><\/div>\n\n\n\n<div class=\"wp-block-group is-vertical is-layout-flex wp-container-core-group-is-layout-8cf370e7 wp-block-group-is-layout-flex\">\n<div class=\"wp-block-columns is-layout-flex wp-container-core-columns-is-layout-9d6595d7 wp-block-columns-is-layout-flex\">\n<div class=\"wp-block-column is-layout-flow wp-block-column-is-layout-flow\" style=\"flex-basis:100%\">\n<div class=\"wp-block-group\"><div class=\"wp-block-group__inner-container is-layout-constrained wp-block-group-is-layout-constrained\">\n<div class=\"wp-block-group alignfull\"><div class=\"wp-block-group__inner-container is-layout-constrained wp-block-group-is-layout-constrained\">\n<div class=\"wp-block-columns alignfull is-layout-flex wp-container-core-columns-is-layout-9d6595d7 wp-block-columns-is-layout-flex\">\n<div class=\"wp-block-column is-vertically-aligned-stretch is-layout-flow wp-block-column-is-layout-flow\" style=\"flex-basis:77%\">\n<div class=\"wp-block-group\"><div class=\"wp-block-group__inner-container is-layout-constrained wp-block-group-is-layout-constrained\">\n<div class=\"wp-block-columns is-layout-flex wp-container-core-columns-is-layout-9d6595d7 wp-block-columns-is-layout-flex\">\n<div class=\"wp-block-column is-layout-flow wp-block-column-is-layout-flow\" style=\"flex-basis:50%\">\n<figure class=\"wp-block-image\"><img loading=\"lazy\" decoding=\"async\" width=\"612\" height=\"408\" src=\"https:\/\/heloisedenicourt.com\/wp-content\/uploads\/2024\/02\/petit-garcon-longue-vue.jpg\" alt=\"\" class=\"wp-image-814\" srcset=\"https:\/\/heloisedenicourt.com\/wp-content\/uploads\/2024\/02\/petit-garcon-longue-vue.jpg 612w, https:\/\/heloisedenicourt.com\/wp-content\/uploads\/2024\/02\/petit-garcon-longue-vue-300x200.jpg 300w, https:\/\/heloisedenicourt.com\/wp-content\/uploads\/2024\/02\/petit-garcon-longue-vue-90x60.jpg 90w, https:\/\/heloisedenicourt.com\/wp-content\/uploads\/2024\/02\/petit-garcon-longue-vue-420x280.jpg 420w\" sizes=\"auto, (max-width: 612px) 100vw, 612px\" \/><\/figure>\n<\/div>\n\n\n\n<div class=\"wp-block-column is-layout-flow wp-block-column-is-layout-flow\" style=\"flex-basis:50%\">\n<p>Avant de prendre RDV, voici quelques \u00e9lements importants: <\/p>\n\n\n\n<ul class=\"wp-block-list\">\n<li>merci de consulter la page \u00ab\u00a0informations et contact\u00a0\u00bb pour conna\u00eetre les pr\u00e9cautions \u00e0 prendre.<\/li>\n\n\n\n<li>Le temps indiqu\u00e9 pour les s\u00e9ances est donn\u00e9 \u00e0 titre indicatif. Veuillez pr\u00e9voir \u00e0 minima 30 minutes suppl\u00e9mentaire en cas de besoin.<\/li>\n\n\n\n<li>Dans le cas d&rsquo;un rdv \u00e0 distance, veillez \u00e0 avoir une bonne connexion internet et \u00e0 ne pas \u00eatre d\u00e9rang\u00e9.<\/li>\n<\/ul>\n<\/div>\n<\/div>\n<\/div><\/div>\n<\/div>\n<\/div>\n<\/div><\/div>\n<\/div><\/div>\n<\/div>\n<\/div>\n<\/div>\n","protected":false},"excerpt":{"rendered":"<p>Par t\u00e9l\u00e9phone au 0649407655 Par doctolib, cliquez sur le lien: Heloise DENICOURT, Psychologue \u00e0 Sarzeau : Prenez rendez-vous en ligne (doctolib.fr) Avant de prendre RDV, &hellip; <\/p>\n","protected":false},"author":1,"featured_media":0,"parent":0,"menu_order":0,"comment_status":"closed","ping_status":"closed","template":"","meta":{"_eb_attr":"","footnotes":""},"class_list":["post-547","page","type-page","status-publish","hentry"],"yoast_head":"<!-- This site is optimized with the Yoast SEO plugin v22.0 - https:\/\/yoast.com\/wordpress\/plugins\/seo\/ -->\n<title>Prendre RDV - H\u00e9lo\u00efse DENICOURT<\/title>\n<meta name=\"robots\" content=\"index, follow, max-snippet:-1, max-image-preview:large, max-video-preview:-1\" \/>\n<link rel=\"canonical\" href=\"https:\/\/heloisedenicourt.com\/index.php\/prendre-rdv\/\" \/>\n<meta property=\"og:locale\" content=\"fr_FR\" \/>\n<meta property=\"og:type\" content=\"article\" \/>\n<meta property=\"og:title\" content=\"Prendre RDV - H\u00e9lo\u00efse DENICOURT\" \/>\n<meta property=\"og:description\" content=\"Par t\u00e9l\u00e9phone au 0649407655 Par doctolib, cliquez sur le lien: Heloise DENICOURT, Psychologue \u00e0 Sarzeau : Prenez rendez-vous en ligne (doctolib.fr) Avant de prendre RDV, &hellip;\" \/>\n<meta property=\"og:url\" content=\"https:\/\/heloisedenicourt.com\/index.php\/prendre-rdv\/\" \/>\n<meta property=\"og:site_name\" content=\"H\u00e9lo\u00efse DENICOURT\" \/>\n<meta property=\"article:modified_time\" content=\"2024-02-12T22:44:51+00:00\" \/>\n<meta property=\"og:image\" content=\"https:\/\/heloisedenicourt.com\/wp-content\/uploads\/2023\/04\/bateaux-redim.png\" \/>\n<meta name=\"twitter:card\" content=\"summary_large_image\" \/>\n<script type=\"application\/ld+json\" class=\"yoast-schema-graph\">{\"@context\":\"https:\/\/schema.org\",\"@graph\":[{\"@type\":\"WebPage\",\"@id\":\"https:\/\/heloisedenicourt.com\/index.php\/prendre-rdv\/\",\"url\":\"https:\/\/heloisedenicourt.com\/index.php\/prendre-rdv\/\",\"name\":\"Prendre RDV - H\u00e9lo\u00efse DENICOURT\",\"isPartOf\":{\"@id\":\"https:\/\/heloisedenicourt.com\/#website\"},\"datePublished\":\"2023-03-09T11:55:50+00:00\",\"dateModified\":\"2024-02-12T22:44:51+00:00\",\"breadcrumb\":{\"@id\":\"https:\/\/heloisedenicourt.com\/index.php\/prendre-rdv\/#breadcrumb\"},\"inLanguage\":\"fr-FR\",\"potentialAction\":[{\"@type\":\"ReadAction\",\"target\":[\"https:\/\/heloisedenicourt.com\/index.php\/prendre-rdv\/\"]}]},{\"@type\":\"BreadcrumbList\",\"@id\":\"https:\/\/heloisedenicourt.com\/index.php\/prendre-rdv\/#breadcrumb\",\"itemListElement\":[{\"@type\":\"ListItem\",\"position\":1,\"name\":\"Accueil\",\"item\":\"https:\/\/heloisedenicourt.com\/\"},{\"@type\":\"ListItem\",\"position\":2,\"name\":\"Prendre RDV\"}]},{\"@type\":\"WebSite\",\"@id\":\"https:\/\/heloisedenicourt.com\/#website\",\"url\":\"https:\/\/heloisedenicourt.com\/\",\"name\":\"H\u00e9lo\u00efse DENICOURT\",\"description\":\"psychologue et psychoth\u00e9rapeute \",\"publisher\":{\"@id\":\"https:\/\/heloisedenicourt.com\/#organization\"},\"potentialAction\":[{\"@type\":\"SearchAction\",\"target\":{\"@type\":\"EntryPoint\",\"urlTemplate\":\"https:\/\/heloisedenicourt.com\/?s={search_term_string}\"},\"query-input\":\"required name=search_term_string\"}],\"inLanguage\":\"fr-FR\"},{\"@type\":\"Organization\",\"@id\":\"https:\/\/heloisedenicourt.com\/#organization\",\"name\":\"H\u00e9lo\u00efse DENICOURT\",\"url\":\"https:\/\/heloisedenicourt.com\/\",\"logo\":{\"@type\":\"ImageObject\",\"inLanguage\":\"fr-FR\",\"@id\":\"https:\/\/heloisedenicourt.com\/#\/schema\/logo\/image\/\",\"url\":\"https:\/\/heloisedenicourt.com\/wp-content\/uploads\/2024\/02\/Capture-deecran-2024-02-01-aE-14.40.51-1.png\",\"contentUrl\":\"https:\/\/heloisedenicourt.com\/wp-content\/uploads\/2024\/02\/Capture-deecran-2024-02-01-aE-14.40.51-1.png\",\"width\":420,\"height\":420,\"caption\":\"H\u00e9lo\u00efse DENICOURT\"},\"image\":{\"@id\":\"https:\/\/heloisedenicourt.com\/#\/schema\/logo\/image\/\"}}]}<\/script>\n<!-- \/ Yoast SEO plugin. -->","yoast_head_json":{"title":"Prendre RDV - H\u00e9lo\u00efse DENICOURT","robots":{"index":"index","follow":"follow","max-snippet":"max-snippet:-1","max-image-preview":"max-image-preview:large","max-video-preview":"max-video-preview:-1"},"canonical":"https:\/\/heloisedenicourt.com\/index.php\/prendre-rdv\/","og_locale":"fr_FR","og_type":"article","og_title":"Prendre RDV - H\u00e9lo\u00efse DENICOURT","og_description":"Par t\u00e9l\u00e9phone au 0649407655 Par doctolib, cliquez sur le lien: Heloise DENICOURT, Psychologue \u00e0 Sarzeau : Prenez rendez-vous en ligne (doctolib.fr) Avant de prendre RDV, &hellip;","og_url":"https:\/\/heloisedenicourt.com\/index.php\/prendre-rdv\/","og_site_name":"H\u00e9lo\u00efse DENICOURT","article_modified_time":"2024-02-12T22:44:51+00:00","og_image":[{"url":"https:\/\/heloisedenicourt.com\/wp-content\/uploads\/2023\/04\/bateaux-redim.png"}],"twitter_card":"summary_large_image","schema":{"@context":"https:\/\/schema.org","@graph":[{"@type":"WebPage","@id":"https:\/\/heloisedenicourt.com\/index.php\/prendre-rdv\/","url":"https:\/\/heloisedenicourt.com\/index.php\/prendre-rdv\/","name":"Prendre RDV - H\u00e9lo\u00efse DENICOURT","isPartOf":{"@id":"https:\/\/heloisedenicourt.com\/#website"},"datePublished":"2023-03-09T11:55:50+00:00","dateModified":"2024-02-12T22:44:51+00:00","breadcrumb":{"@id":"https:\/\/heloisedenicourt.com\/index.php\/prendre-rdv\/#breadcrumb"},"inLanguage":"fr-FR","potentialAction":[{"@type":"ReadAction","target":["https:\/\/heloisedenicourt.com\/index.php\/prendre-rdv\/"]}]},{"@type":"BreadcrumbList","@id":"https:\/\/heloisedenicourt.com\/index.php\/prendre-rdv\/#breadcrumb","itemListElement":[{"@type":"ListItem","position":1,"name":"Accueil","item":"https:\/\/heloisedenicourt.com\/"},{"@type":"ListItem","position":2,"name":"Prendre RDV"}]},{"@type":"WebSite","@id":"https:\/\/heloisedenicourt.com\/#website","url":"https:\/\/heloisedenicourt.com\/","name":"H\u00e9lo\u00efse DENICOURT","description":"psychologue et psychoth\u00e9rapeute ","publisher":{"@id":"https:\/\/heloisedenicourt.com\/#organization"},"potentialAction":[{"@type":"SearchAction","target":{"@type":"EntryPoint","urlTemplate":"https:\/\/heloisedenicourt.com\/?s={search_term_string}"},"query-input":"required name=search_term_string"}],"inLanguage":"fr-FR"},{"@type":"Organization","@id":"https:\/\/heloisedenicourt.com\/#organization","name":"H\u00e9lo\u00efse DENICOURT","url":"https:\/\/heloisedenicourt.com\/","logo":{"@type":"ImageObject","inLanguage":"fr-FR","@id":"https:\/\/heloisedenicourt.com\/#\/schema\/logo\/image\/","url":"https:\/\/heloisedenicourt.com\/wp-content\/uploads\/2024\/02\/Capture-deecran-2024-02-01-aE-14.40.51-1.png","contentUrl":"https:\/\/heloisedenicourt.com\/wp-content\/uploads\/2024\/02\/Capture-deecran-2024-02-01-aE-14.40.51-1.png","width":420,"height":420,"caption":"H\u00e9lo\u00efse DENICOURT"},"image":{"@id":"https:\/\/heloisedenicourt.com\/#\/schema\/logo\/image\/"}}]}},"_links":{"self":[{"href":"https:\/\/heloisedenicourt.com\/index.php\/wp-json\/wp\/v2\/pages\/547","targetHints":{"allow":["GET"]}}],"collection":[{"href":"https:\/\/heloisedenicourt.com\/index.php\/wp-json\/wp\/v2\/pages"}],"about":[{"href":"https:\/\/heloisedenicourt.com\/index.php\/wp-json\/wp\/v2\/types\/page"}],"author":[{"embeddable":true,"href":"https:\/\/heloisedenicourt.com\/index.php\/wp-json\/wp\/v2\/users\/1"}],"replies":[{"embeddable":true,"href":"https:\/\/heloisedenicourt.com\/index.php\/wp-json\/wp\/v2\/comments?post=547"}],"version-history":[{"count":2,"href":"https:\/\/heloisedenicourt.com\/index.php\/wp-json\/wp\/v2\/pages\/547\/revisions"}],"predecessor-version":[{"id":843,"href":"https:\/\/heloisedenicourt.com\/index.php\/wp-json\/wp\/v2\/pages\/547\/revisions\/843"}],"wp:attachment":[{"href":"https:\/\/heloisedenicourt.com\/index.php\/wp-json\/wp\/v2\/media?parent=547"}],"curies":[{"name":"wp","href":"https:\/\/api.w.org\/{rel}","templated":true}]}}